
In base 9, what is 33 + -11?
22
In base 13, what is 1 - -95a?
95b
In base 7, what is -5 + 1423?
1415
In base 14, what is 0 - -81?
81
In base 2, what is 10 + 101110010111?
101110011001
In base 11, what is 986 + -3?
983
In base 10, what is 5 - -1323?
1328
In base 16, what is -36 - -63?
2d
In base 7, what is 110 + 0?
110
In base 4, what is -321201 + 1?
-321200
In base 11, what is 3 + 2982?
2985
In base 10, what is -1808 + -5?
-1813
In base 11, what is -1a + 5?
-15
In base 14, what is -1072 - 5?
-1077
In base 4, what is 101 - -2102?
2203
In base 9, what is 21 + -1?
20
In base 12, what is -2052 - 5?
-2057
In base 13, what is -9 + 57?
4b
In base 14, what is -2a5 - 5?
-2aa
In base 8, what is -137 - 6?
-145
In base 5, what is -2 + 3022?
3020
In base 11, what is -2 + -13?
-15
In base 10, what is -5 + 23?
18
In base 13, what is 4c + -4?
48
In base 4, what is -10 + -101020?
-101030
In base 14, what is 210 + 3?
213
In base 9, what is -3 - 558?
-562
In base 2, what is -10110001101010 - 101?
-10110001101111
In base 16, what is d - -b?
18
In base 3, what is 11 + -10201101?
-10201020
In base 3, what is 2100212 + 12?
2101001
In base 2, what is -10110 - 100011111?
-100110101
In base 8, what is 12 - 21?
-7
In base 5, what is 13 - -22?
40
In base 12, what is 3 - -754?
757
In base 16, what is -3 + 86?
83
In base 16, what is 26 + 12?
38
In base 13, what is 7 - 609?
-602
In base 9, what is 1 + -2?
-1
In base 15, what is -3 + 24e?
24b
In base 2, what is -10110 + 101010?
10100
In base 2, what is 100 - -1100111?
1101011
In base 11, what is 3 - 392?
-38a
In base 16, what is 0 + 24?
24
In base 3, what is 12 - -201212?
202001
In base 11, what is -4 + -9a8?
-a01
In base 2, what is 10 - 1111101111?
-1111101101
In base 5, what is -202 - 0?
-202
In base 5, what is 12 - 101?
-34
In base 12, what is -1059 - 2?
-105b
In base 6, what is -43 - 23?
-110
In base 5, what is 3001 - 1?
3000
In base 14, what is -1b0 - 5?
-1b5
In base 10, what is 527 - 4?
523
In base 3, what is 0 + 11001?
11001
In base 7, what is 64240 - 3?
64234
In base 11, what is 3613 + -5?
3609
In base 7, what is 1560 + 6?
1566
In base 7, what is 5 + -664?
-656
In base 12, what is a + bb?
109
In base 3, what is -2200 - 0?
-2200
In base 8, what is -5 + 147?
142
In base 3, what is 11 + 120121?
120202
In base 15, what is -20 - -22?
2
In base 11, what is -3 - -5?
2
In base 11, what is -37 - -a?
-28
In base 10, what is -10 + -96?
-106
In base 14, what is 8 - 167?
-15d
In base 14, what is 3 - -182?
185
In base 10, what is -3 - -170?
167
In base 6, what is 4 - 131?
-123
In base 5, what is 341 + -3?
333
In base 2, what is 110000100 + -100?
110000000
In base 16, what is -d7 - -e?
-c9
In base 15, what is -41e - 1?
-420
In base 11, what is -685 - -5?
-680
In base 3, what is 0 + 10120120?
10120120
In base 16, what is 3 - 1b?
-18
In base 7, what is 11540 + -5?
11532
In base 14, what is -2 - 359?
-35b
In base 16, what is -e4 - 0?
-e4
In base 8, what is -427 + 0?
-427
In base 2, what is 100 - -1010111001?
1010111101
In base 7, what is 4 + -21454?
-21450
In base 14, what is -32 + -2a?
-5c
In base 7, what is -11016 + -5?
-11024
In base 9, what is -234 - 22?
-256
In base 16, what is -c6 - -b?
-bb
In base 9, what is -88 + -7?
-106
In base 13, what is -1104 + 3?
-1101
In base 7, what is 5 - 12226?
-12221
In base 7, what is 2 + 1405?
1410
In base 8, what is -125 - -2?
-123
In base 9, what is -1150 - -2?
-1147
In base 14, what is 77 + 0?
77
In base 9, what is 3057 + 12?
3070
In base 15, what is c - e?
-2
In base 13, what is 7 + -309?
-302
In base 12, what is 2 - b?
-9
In base 13, what is 8a + 4?
91
In base 6, what is -3 - 122?
-125
In base 15, what is -5 - -1b?
16
In base 15, what is 6 + -154?
-14d
In base 10, what is 1 - 63?
-62
In base 2, what is -1100010101101 - -110?
-1100010100111
In base 13, what is 5 + 1820?
1825
In base 8, what is -44 + 5?
-37
In base 15, what is 1 + -46?
-45
In base 3, what is -122202 + 110?
-122022
In base 9, what is -82 - -11?
-71
In base 8, what is -303 + 7?
-274
In base 6, what is 410 + 3?
413
In base 7, what is 1321 + -4?
1314
In base 12, what is -aa + 0?
-aa
In base 9, what is -1 - -1310?
1308
In base 12, what is 5 + -164?
-15b
In base 6, what is 2 - -14244?
14250
In base 6, what is 2 + -53?
-51
In base 3, what is -12210 - -2101?
-10102
In base 6, what is 2035 + 10?
2045
In base 16, what is -6 + -14?
-1a
In base 13, what is 11 + 18?
29
In base 11, what is 11 + 293?
2a4
In base 6, what is 144342 - 0?
144342
In base 14, what is -6 - 53?
-59
In base 3, what is -10 + -2200201?
-2200211
In base 8, what is -54 - 44?
-120
In base 12, what is 3898 - 5?
3893
In base 9, what is -64 + -36?
-111
In base 16, what is -4 + -64b?
-64f
In base 3, what is 10020 - 11?
10002
In base 6, what is -3301 + 10?
-3251
In base 16, what is -6 + 14?
e
In base 8, what is -1246 + 14?
-1232
In base 11, what is -63 + 2?
-61
In base 5, what is -10 + 3042?
3032
In base 13, what is 475 + -3?
472
In base 16, what is 15d + -3?
15a
In base 10, what is 4 - 0?
4
In base 9, what is -4887 + -4?
-5002
In base 13, what is -4 + 2c5?
2c1
In base 9, what is -1 - 676?
-677
In base 6, what is 10 + -3115?
-3105
In base 3, what is -201 + 121?
-10
In base 7, what is -653 - -14?
-636
In base 7, what is 33 + 23?
56
In base 13, what is 212 - 4?
20b
In base 4, what is 223110 - 1?
223103
In base 11, what is 17 - 911?
-8a5
In base 13, what is 4 + 267?
26b
In base 13, what is 3 + 6b?
71
In base 13, what is 6b0 - 0?
6b0
In base 12, what is -4 + 15?
11
In base 9, what is 0 - -118?
118
In base 15, what is 6 - -114?
11a
In base 14, what is -1 - d5?
-d6
In base 2, what is -10 - -11010100001?
11010011111
In base 13, what is 30 - -1?
31
In base 14, what is -b5 - 3?
-b8
In base 7, what is 50456 - 1?
50455
In base 4, what is 1103112 + 0?
1103112
In base 3, what is 10 + 220?
1000
In base 16, what is 36 + 5?
3b
In base 5, what is 10 - 42?
-32
In base 5, what is 10 - 2024?
-2014
In base 10, what is -150 - 3?
-153
In base 5, what is -201133 - 4?
-201142
In base 9, what is 140 + -1?
138
In base 16, what is 5 - d5?
-d0
In base 2, what is 1110001010 - -10?
1110001100
In base 13, what is 5 - 58a?
-585
In base 10, what is 2 + -1440?
-1438
In base 9, what is -2 + -21?
-23
In base 14, what is -252 + 2?
-250
In base 6, what is 1001 + -10?
551
In base 3, what is -12 + 2121?
2102
In base 8, what is 0 - 542?
-542
In base 13, what is 5 - 59?
-54
In base 7, what is -3142 + 34?
-3105
In base 6, what is -21 - -43?
22
In base 10, what is 5 - -206?
211
In base 14, what is 0 - -1a0?
1a0
In base 15, what is 4 + -1b?
-17
In base 12, what is -24805 - -3?
-24802
In base 7, what is -26 - -100?
41
In base 3, what is -2 - 12102111?
-12102120
In base 16, what is -33 - -28a?
257
In base 16, what is -7 - -61?
5a
In base 12, what is -5 - 75a?
-763
In base 12, what is -1740 - 7?
-1747
In base 11, what is -337 - -3?
-334
In base 16, what is 263 - -5?
268
In base 6, what is -41045 - -2?
-41043
In base 3, what is -11012 + -112?
-11201
In base 14, what is -1 - 164?
-165
In base 13, what is -1c38b + 4?
-1c387
In base 12, what is 9 + -442?
-435
In base 11, what is 3 + -10?
-8
In base 7, what is -155 - -4?
-151
In base 10, what is -4210 + -2?
-4212
In base 11, what is 171 + 20?
191
In base 4, what is 1 + 121221?
121222
In base 13, what is -77 + -6?
-80
In base 11, what is 20 + -106?
-96
In base 12, what is -4a0 - -3?
-499
In base 5, what is -1 + 2343?
2342
In base 14, what is 0 + -94?
-94
In base 11, what is 8 - -84?
91
In base 9, what is 1 + -7645?
-7644
In base 8, what is 3011 + 4?
3015
In base 7, what is 25 - 1144?
-1116
In base 12, what is -1 + -16?
-17
In base 15, what is 178 - -2?
17a
In base 9, what is 5 - -15?
21
In base 7, what is -4 - -6460?
6453
In base 3, what is -10121122 - 12?
-10121211
In base 12, what is -72 - -52?
-20
In base 14, what is -5b + -1d?
-7a
In base 13, what is -139 - -1?
-138
In base 14, what is 5 + 362?
367
In base 4, what is 3022220 + 1?
3022221
In base 12, what is 3 + 23?
26
In base 7, what is 252 - -5?
260
In base 5, what is -34 - 120?
-204
In base 3, what is 0 - 1220?
-1220
In base 16, what is 0 - -7c?
7c
In base 8, what is -2417 + -4?
-2423
In base 2, what is -1010010110 - -11?
-1010010011
In base 8, what is 17 + -25?
-6
In base 5, what is -314 + 11?
-303
In base 9, what is -